6838 is divided by 30.
28
Calculate the remainder when 54662 is divided by 6831.
14
Calculate the remainder when 4558 is divided by 163.
157
What is the remainder when 34157 is divided by 5691?
11
Calculate the remainder when 5346086 is divided by 11.
9
Calculate the remainder when 23393 is divided by 26.
19
Calculate the remainder when 9849 is divided by 196.
49
What is the remainder when 11753 is divided by 98?
91
Calculate the remainder when 56895 is divided by 9462.
123
Calculate the remainder when 17061 is divided by 4222.
173
What is the remainder when 6280 is divided by 11?
10
Calculate the remainder when 12436 is divided by 170.
26
What is the remainder when 669 is divided by 35?
4
Calculate the remainder when 18659 is divided by 158.
15
What is the remainder when 279646 is divided by 90?
16
Calculate the remainder when 9002 is divided by 645.
617
What is the remainder when 21148 is divided by 450?
448
What is the remainder when 71362 is divided by 114?
112
What is the remainder when 76717 is divided by 221?
30
Calculate the remainder when 768 is divided by 376.
16
Calculate the remainder when 215 is divided by 15.
5
What is the remainder when 2603133 is divided by 48?
45
Calculate the remainder when 22355 is divided by 2473.
98
What is the remainder when 28934 is divided by 4820?
14
Calculate the remainder when 15816 is divided by 565.
561
What is the remainder when 62856 is divided by 59?
21
Calculate the remainder when 87588 is divided by 300.
288
What is the remainder when 52775 is divided by 34?
7
Calculate the remainder when 122471 is divided by 216.
215
Calculate the remainder when 152764 is divided by 647.
72
Calculate the remainder when 6088 is divided by 6.
4
What is the remainder when 58296 is divided by 71?
5
What is the remainder when 22941 is divided by 271?
177
What is the remainder when 18234 is divided by 377?
138
What is the remainder when 4934 is divided by 4803?
131
Calculate the remainder when 236 is divided by 95.
46
What is the remainder when 13603 is divided by 1925?
128
What is the remainder when 75129 is divided by 24?
9
Calculate the remainder when 1230804 is divided by 249.
246
Calculate the remainder when 246943 is divided by 577.
564
Calculate the remainder when 12927 is divided by 106.
101
Calculate the remainder when 3401 is divided by 840.
41
Calculate the remainder when 217146 is divided by 37.
30
What is the remainder when 9704 is divided by 2420?
24
Calculate the remainder when 332573 is divided by 558.
5
Calculate the remainder when 6586 is divided by 2100.
286
What is the remainder when 1681 is divided by 73?
2
Calculate the remainder when 10142 is divided by 944.
702
Calculate the remainder when 10060 is divided by 1999.
65
Calculate the remainder when 5078 is divided by 1254.
62
Calculate the remainder when 12190 is divided by 214.
206
Calculate the remainder when 61806 is divided by 3856.
110
Calculate the remainder when 1189990 is divided by 54.
46
What is the remainder when 277 is divided by 91?
4
What is the remainder when 2172 is divided by 361?
6
Calculate the remainder when 8572 is divided by 567.
67
Calculate the remainder when 173732 is divided by 149.
147
Calculate the remainder when 2086109 is divided by 45.
44
What is the remainder when 13552 is divided by 603?
286
What is the remainder when 581435 is divided by 521?
520
Calculate the remainder when 2221 is divided by 426.
91
What is the remainder when 97544 is divided by 12?
8
Calculate the remainder when 8370 is divided by 55.
10
Calculate the remainder when 15828 is divided by 80.
68
What is the remainder when 18910 is divided by 91?
73
What is the remainder when 818589 is divided by 218?
217
What is the remainder when 170957 is divided by 1049?
1019
Calculate the remainder when 2660 is divided by 129.
80
What is the remainder when 18782 is divided by 261?
251
Calculate the remainder when 92026 is divided by 19.
9
Calculate the remainder when 78634 is divided by 274.
270
Calculate the remainder when 7898 is divided by 168.
2
Calculate the remainder when 237632 is divided by 18.
14
What is the remainder when 2302282 is divided by 6?
4
Calculate the remainder when 264902 is divided by 8.
6
What is the remainder when 523 is divided by 507?
16
Calculate the remainder when 14923 is divided by 1594.
577
What is the remainder when 393074 is divided by 3095?
9
What is the remainder when 2568 is divided by 2384?
184
What is the remainder when 456803 is divided by 103?
101
Calculate the remainder when 1539 is divided by 64.
3
What is the remainder when 17385 is divided by 27?
24
What is the remainder when 3438 is divided by 216?
198
What is the remainder when 4681 is divided by 214?
187
What is the remainder when 7500 is divided by 833?
3
Calculate the remainder when 80795 is divided by 269.
95
Calculate the remainder when 5852 is divided by 163.
147
What is the remainder when 1462 is divided by 696?
70
Calculate the remainder when 29189 is divided by 37.
33
Calculate the remainder when 141424 is divided by 473.
470
Calculate the remainder when 25300 is divided by 25290.
10
What is the remainder when 37544 is divided by 671?
639
Calculate the remainder when 458511 is divided by 45849.
21
Calculate the remainder when 263115 is divided by 29.
27
Calculate the remainder when 3944 is divided by 280.
24
Calculate the remainder when 250562 is divided by 37.
35
Calculate the remainder when 28181 is divided by 33.
32
What is the remainder when 48981 is divided by 52?
49
Calculate the remainder when 4785 is divided by 529.
24
What is the remainder when 3470 is divided by 477?
131
What is the remainder when 39002 is divided by 481?
41
What is the remainder when 1610 is divided by 57?
14
What is the remainder when 6365 is divided by 76?
57
What is the remainder when 595491 is divided by 101?
96
What is the remainder when 73209 is divided by 20?
9
Calculate the remainder when 5994 is divided by 318.
270
Calculate the remainder when 202394 is divided by 13492.
14
Calculate the remainder when 269993 is divided by 118.
9
Calculate the remainder when 104765 is divided by 104740.
25
Calculate the remainder when 7595 is divided by 18.
17
Calculate the remainder when 284671 is divided by 32.
31
Calculate the remainder when 56893 is divided by 1777.
29
What is the remainder when 1012 is divided by 333?
13
Calculate the remainder when 169410 is divided by 3321.
39
What is the remainder when 27249 is divided by 9066?
51
Calculate the remainder when 16140 is divided by 292.
80
What is the remainder when 1071430 is divided by 56391?
1
What is the remainder when 7629 is divided by 842?
51
What is the remainder when 8307 is divided by 2072?
19
What is the remainder when 8236 is divided by 457?
10
Calculate the remainder when 1743 is divided by 134.
1
Calculate the remainder when 10030 is divided by 280.
230
Calculate the remainder when 8404 is divided by 130.
84
Calculate the remainder when 80713 is divided by 441.
10
What is the remainder when 20615 is divided by 6732?
419
What is the remainder when 14684 is divided by 148?
32
What is the remainder when 341270 is divided by 460?
410
Calculate the remainder when 192399 is divided by 412.
407
Calculate the remainder when 2423 is divided by 130.
83
Calculate the remainder when 11504 is divided by 21.
17
Calculate the remainder when 39139 is divided by 146.
11
Calculate the remainder when 4645 is divided by 292.
265
Calculate the remainder when 58656 is divided by 120.
96
Calculate the remainder when 252 is divided by 93.
66
What is the remainder when 780 is divided by 144?
60
Calculate the remainder when 108787 is divided by 824.
19
Calculate the remainder when 10305 is divided by 27.
18
Calculate the remainder when 7461 is divided by 30.
21
What is the remainder when 8838 is divided by 9?
0
What is the remainder when 11005 is divided by 269?
245
What is the remainder when 167647 is divided by 830?
817
What is the remainder when 99023 is divided by 29?
17
Calculate the remainder when 37031 is divided by 187.
5
What is the remainder when 8739 is divided by 485?
9
Calculate the remainder when 68460 is divided by 3.
0
Calculate the remainder when 13026 is divided by 12.
6
What is the remainder when 3401 is divided by